. Calculate the highest common factor of g and 12.
12
Suppose -2*x + 12 = -x. Suppose x = -v + 25. What is the greatest common divisor of 65 and v?
13
Let m(z) = z**3 - 3*z**2 + 13*z - 11. Let t be m(6). Let v = -34 + 59. Calculate the highest common factor of t and v.
25
Suppose 0 = -7*l - 15 + 113. Calculate the highest common factor of l and 406.
14
Suppose -3*g + 3*f = -42, g - 7 - 7 = 4*f. Suppose 0 = 5*u - 16 - g. Calculate the greatest common factor of 30 and u.
6
Suppose 5*z - q = -8, 0 = 4*z + q + 10 - 0. Let o(i) = -2*i**3 - i**2 - i. Let u be o(z). Let k = -49 + 91. What is the highest common factor of k and u?
14
Let h(y) = y**3 + 7*y**2 + 3*y + 57. Let p be h(-7). What is the highest common divisor of p and 324?
36
Let y be (-6)/(-4) - (-71181)/66. Calculate the greatest common divisor of y and 15.
15
Let q be 386/4 + (-8)/16. Suppose -7*l + 5*l + q = 0. Calculate the highest common factor of 16 and l.
16
Let t = 453 - 300. Let k = 147 + -130. Calculate the greatest common divisor of k and t.
17
Let v(k) = -k + 5. Let u be v(2). Suppose 2*b + u*j - 16 = b, b + 5*j - 16 = 0. Calculate the highest common divisor of 96 and b.
16
Suppose -51 = -2*j + 3*q + 23, -4*j + 126 = 5*q. Calculate the greatest common divisor of j and 102.
34
Let g be -6 - -6 - 30/(2 - 3). What is the greatest common divisor of g and 80?
10
Let p = 82 + 30. Suppose 37 = 4*c - 27. Calculate the greatest common divisor of p and c.
16
Suppose n = f - n - 30, n + 3 = 0. Suppose -29*z + f*z + 15 = 0. Suppose 8*c - z*c + 45 = 5*i, -2*c = 2. Calculate the highest common factor of 1 and i.
1
Let g be (-43)/9 + 2/(-9). Let c = g + 9. Suppose c*w = 6*w - 64. Calculate the greatest common divisor of 8 and w.
8
Suppose y - 4*f - 1556 = -3*y, 4*f - 766 = -2*y. Let w be (y/(-36))/((-2)/(8 - 0)). What is the highest common factor of w and 86?
43
Let h(j) = 2*j**2 + 2*j - 10. Let n be h(7). Let q(b) = -9*b + 7. Let r be q(-3). Calculate the highest common factor of r and n.
34
Let p be ((-30)/(-21))/5*7. Let q be (p/5)/((-6)/510). Let u be 3/(-6)*q + -2. What is the greatest common factor of u and 5?
5
Let z be -53 - (-6 - -3)*1. Let t = -47 - z. Calculate the highest common divisor of t and 3.
3
Let k(c) = 92*c**2 + 3*c + 1. Let f be k(-2). Let g = -740 + 773. Calculate the highest common factor of g and f.
33
Suppose 0 = -5*j + 10, -j = 3*r - 8*r + 73. What is the greatest common factor of r and 195?
15
Let v(x) = 9*x - 6. Let a be v(6). Let f be -13*(-2)/(-5)*(25 + -45). Let i be 0 + (-76)/(-13) - (-16)/f. Calculate the greatest common divisor of a and i.
6
Let u = 61 - 36. Suppose 3*z + 56 = -t, 0 = 4*z + 11 + 9. Let h = t + 66. Calculate the greatest common divisor of h and u.
25
Suppose 4*a + 154 = -2*i + 524, 4*i - 380 = -4*a. What is the greatest common factor of 30 and a?
30
Let t be 0/2 + (9 - -2 - 7). What is the highest common divisor of t and 36?
4
Suppose 13*o - 14*o = -25. Suppose -9*t = -425 - o. Calculate the greatest common factor of t and 10.
10
Let l = -134 - -225. Let k(w) = w**2 - 12*w + 17. Let a be k(12). Suppose -a*x + 12*x + 65 = 0. What is the highest common factor of x and l?
13
Let n(g) = -g**3 - 10*g**2 + 9*g - 8. Let i be n(-11). Let l(b) = -67*b - 11. Let k be l(-1). Calculate the greatest common divisor of i and k.
14
Let p(g) = -67*g + 941. Let c be p(14). Let v = 3 - 1. Calculate the highest common divisor of v and c.
1
Suppose 2*a - 5 = 5, -2*t = 2*a - 234. Calculate the greatest common factor of 14 and t.
14
Let z(g) = -13*g + 6. Let x be z(9). Let p = x - -185. Calculate the highest common factor of p and 111.
37
Suppose -3*m = -6*m - 252. Let t be 6/8*m/(-3). What is the highest common divisor of t and 147?
21
Let u be -1 - -2 - (2 + -6). Let l(i) = 6*i. Let z be l(u). Let h = -18 + z. What is the highest common divisor of 6 and h?
6
Let m = -196 + 318. Calculate the highest common factor of 427 and m.
61
Let n(b) = -2*b**2 - 35*b + 155. Let z be n(-21). What is the highest common divisor of 5 and z?
1
Let o = 16 - 4. Let r be (-2 - -6)*(-471)/o. Let m be (-6)/4*-2 - r. Calculate the greatest common factor of 20 and m.
20
Suppose -j = 2*j - 48. Let z = 1 - -2. Let r = 1 + z. Calculate the highest common factor of j and r.
4
Let h = 263 + -148. Let j = h + -19. What is the highest common factor of 12 and j?
12
Suppose 2*j = 6, -5*h + 87 + 50 = -j. Calculate the greatest common divisor of h and 630.
14
Let y be 9/(-6)*(-8 + 4). Let g = y + 90. What is the greatest common factor of g and 12?
12
Suppose 4*q + 11*n = 6*n + 49, 2*n = -4*q + 58. What is the highest common divisor of 160 and q?
16
Suppose 2*d - 98 = 2*h, -2*d - 3*h = d - 117. Let x(k) = -6*k - 1. Let c be x(-2). Calculate the greatest common divisor of c and d.
11
Let m be (-780)/(-27) - (-4 + 70/18). What is the greatest common divisor of m and 725?
29
Suppose 4*p + 3*o - 20 = 0, 34 = 3*p - o + 6. What is the greatest common factor of p and 34?
2
Suppose -65*r + 187 = -48*r. Calculate the greatest common divisor of r and 550.
11
Let q be 11 + -24 + 9 - (-784 - 0). Calculate the greatest common divisor of q and 13.
13
Let w = -21 - -36. Suppose 2*h - 17 = -w. Let p = -1 + 5. What is the highest common divisor of h and p?
1
Let a = 286 + -7. Let s be ((-1)/7 - (-4)/28)/2. Suppose q + 2*q + 4*z - 77 = 0, s = -2*z - 8. Calculate the highest common factor of q and a.
31
Suppose 0 = -44*u + 91*u - 141. What is the highest common factor of 5 and u?
1
Suppose 16*x = 11*x + 625. Let m = -10 + x. What is the greatest common divisor of m and 23?
23
Let j = 38 - 21. What is the greatest common divisor of j and 323?
17
Let k be (-3136)/(-40) - 2/5. Let g be 1 + k + (-2 - -2). Suppose -g = -4*u - 19. What is the greatest common divisor of 105 and u?
15
Let s(t) = 17*t**2 - 8*t + 15. Let x be s(5). Calculate the highest common divisor of 25 and x.
25
Let n = 13 + -7. Suppose k = -2*o + 14, n*k = k - 4*o + 40. Suppose 5*l - 2*i - 48 = 0, 5*l - 42 - 18 = 5*i. Calculate the greatest common divisor of k and l.
4
Suppose -49 = n + 2*n + 4*z, 5*z = 4*n + 117. Let c = 44 + n. Calculate the highest common divisor of c and 63.
21
Let z = 0 - -2. Let n be (-3)/z + 1089/22. What is the highest common factor of n and 72?
24
Let p = -5 - -5. Suppose -2*n + 36 = 2*s + s, p = -2*n + 4*s + 22. Let x = n + -2. What is the highest common divisor of 13 and x?
13
Let w be 1/(-2*(-4)/200). Let v = -23 + w. What is the highest common factor of 22 and v?
2
Let l be ((-9)/(-6))/(1 - (-2)/(-8)). Suppose -6*y + 2*y - l*m = -54, -4*m = -5*y + 35. Calculate the greatest common divisor of y and 11.
11
Let n(w) = -27*w - 537. Let x be n(-47). Calculate the greatest common divisor of 12 and x.
12
Let p be 12/7 - (-16)/56. Let o be (8/10)/(p/20). Suppose -5*v + o*v = 48. Calculate the highest common factor of 32 and v.
16
Suppose 66 - 10 = 4*p. Calculate the greatest common factor of p and 119.
7
Let d = 268 - 133. Calculate the greatest common divisor of 10 and d.
5
Suppose -4*r - 9*c + 4*c + 2395 = 0, 0 = r + 2*c - 598. What is the highest common factor of 25 and r?
25
Let t = -535 - -605. Calculate the highest common factor of t and 130.
10
Let w be 2/(-8) - (-57)/4. Let x = 48 - w. What is the greatest common factor of 85 and x?
17
Suppose -48 = -32*t + 31*t. What is the greatest common divisor of t and 6?
6
Let s(h) = -4*h - 16. Let x be s(-4). Suppose 2*d + 3*y - 68 = x, -5*d + 3*y + 124 + 25 = 0. Calculate the greatest common factor of 93 and d.
31
Suppose -23*f + 5*f = -3150. Calculate the greatest common factor of 70 and f.
35
Let x(y) = 164*y + 3. Let b be x(3). Suppose v + 4*v - b = 0. Calculate the greatest common factor of 11 and v.
11
Suppose 5*n - 10*n = -10. Let x be 1*n/9 - 15752/(-396). What is the greatest common factor of x and 30?
10
Suppose -v = 4*v + 45. Let q(i) = -2*i**3 - 16*i**2 - 6*i - 13. Let p be q(v). What is the highest common divisor of p and 29?
29
Let f = 812 + -696. What is the greatest common factor of 4 and f?
4
Let d be (-1 - 9/(-6))*(-2 + 8). Suppose -2*m + 4*h + 50 = d*m, 0 = 2*m + h - 20. Calculate the greatest common divisor of m and 4.
2
Suppose -4*u - 3*p + 124 = p, -3*p + 126 = 4*u. Suppose 2*d + a = 3*a + 16, 0 = 4*d - 5*a - u. Calculate the highest common factor of d and 14